+ 5 + (-33 - 7 - (-5 + -4))?
-13
Evaluate -8 - -149 - ((-20 - -21) + (2 - 2)).
140
What is the value of 11 + (29 + -61 + 32 - (2 - 1)) - 82?
-72
What is -35 - (-20 - -58) - -47?
-26
What is (155 - 256) + 25 - -103?
27
What is the value of -164 + 63 - -69 - -89?
57
What is 0 + 226 - (12205 + -12090)?
111
What is the value of -57 - -56 - ((0 - -9) + -2)?
-8
What is 29 + (-9 - -69) + -59?
30
Evaluate -47 + 97 - (13 - 4) - -1.
42
What is the value of 2 + 1 - ((-2661 - -2676) + -2 + 54 + 1)?
-65
23 + (-10 - (-65 + 47)) + -19 + 2
14
Evaluate -49 + 50 + -30 + 9 - (1 - 14 - -1).
-8
What is (-44 - 1) + -5 + (19 - (5 - -1)) + -13?
-50
What is the value of 10 - (103 - 57) - (-3 + -65)?
32
Evaluate 25 + -66 + 25 + 11 - 24.
-29
Calculate -46 + (58 + -59 - -16).
-31
What is -30 + 81 + (-38 - -3)?
16
Evaluate 44 - (11 + 43 - (29 - 5)).
14
What is (-7921 - -7904) + (3 - -12)?
-2
Calculate 2 + (69 - (79 + -50)).
42
Calculate 41 - ((-8 - -12) + 4) - (2 + -5 - -5).
31
Calculate -17 + -4 + (32 - (22 - -24)).
-35
Calculate -5 - (-12 + (14 - -4)) - (-10 - -1).
-2
(38 - 14) + (-10 - (-11 + -2) - -5)
32
Evaluate 7 + (-10 + -25 + 20 - -6) + (-39 - 1).
-42
Evaluate -3 - (8 + -4 + -15) - (18 + -9 + 29).
-30
Calculate 33 + (-12 - 0) + 0 - -34.
55
What is -33 + (29 - -28) + -88 - 5?
-69
Evaluate 331 + -307 - (-27 + 1).
50
What is -19 + 130 + -47 + -34?
30
Calculate 41 + 4 + -78 - (-13 + 4).
-24
Evaluate -37 + 11 + 33 - (3 + 4 + -52 + -6).
58
Calculate -5 + (-54 - -2 - (-50 + 42 + 15)) - 14.
-78
What is (217 - -61) + -290 - (-4 - (-1 + 1)) - 105?
-113
What is (-17 - -2 - 2) + -2 - (-28605 - -28601)?
-15
Calculate (32 + -20 - (1 - (0 + 1))) + -50.
-38
Calculate (143 - 117) + -125 - -106.
7
-71 + 8 + (-62 - -82) + -17
-60
-76 + -1 + 2 + 90 + -59
-44
What is the value of 36 + (-3 - 2) + 24 + (13 - 27)?
41
(10 - 5) + (-1 + -97 - -4) + (47 - 33)
-75
What is the value of -10 + 33 + 51 + -53?
21
What is 99 - (-12 + 96 + 53)?
-38
Evaluate -2 - (-74 + (10 - (1 + 1)) + 259 + -264).
69
Calculate -32 + 0 + 4 + -29 + 29 + (3 - -2).
-23
What is the value of -19 + (-56 - -39) + -25?
-61
Evaluate -23 - 2 - (-8 - -7 - 4).
-20
Calculate -32 - ((-33 - -81) + -54 - (12 - 1)).
-15
Calculate (72 - -8 - -19) + -148.
-49
Calculate -65 + -22 + 52 + 60.
25
Calculate 6 + 93 - 1 - (2 - 17 - (68 + -85)).
96
(17 - (-3 - (11 + -1 + -10) - -8)) + 29
41
What is the value of 45 + 28 + -72 + -44?
-43
What is (-51 - 132 - -47) + 277?
141
-1 + (23 - 9 - 16) - (-1 - 6) - 48
-44
Evaluate -6 + 20 + -33 - -4 - -4.
-11
Evaluate 36 + 2 + 9 + -6 + 2 + 0.
43
Evaluate (-15 - (5 + 0) - (-15 + 5)) + 13 + 34.
37
Evaluate -3 + (6 - -7) + (-5 - (-13 + 22)).
-4
What is (-12 - (-19 + 10)) + -57 + 6 + 5 + -10?
-59
Evaluate 40 + (74 + -50 - 9 - -15).
70
Calculate (-286 - -293) + -3 + -79.
-75
What is -2 - (-35 + 22 + 63 + -63)?
11
What is the value of -21 + 30 + -59 + 31 + -22?
-41
-41 - (-86 - 16) - -21
82
-34 + -84 + 39 + -11 + -2
-92
What is the value of 1 + 0 + (-8 - (-1 + -1)) + (82 - 121)?
-44
(2 + (-17 - -21) - 10) + 44
40
What is the value of 15 + 0 - -2 - ((28 - 56) + 30 - -7)?
8
What is the value of 14 - 13 - 0 - (0 + 51 + 2)?
-52
-252 + 263 + (4 - (-2 + -3 + -34))
54
Evaluate (-118 + 200 - 47) + -67.
-32
46 + (36 + -18 - 15) + (-12 - (-1 - 2))
40
What is -41 + (-10 - (-98 + 55))?
-8
6 - (9 - (-20 + 3 - -23)) - (0 + 62)
-59
Evaluate 0 + 8 - (6 + -3 + 95 - (-8 + 8)).
-90
Calculate -33 + (-22 - -40) - -26 - 76.
-65
What is the value of -8 - (-8 - (-84 + 56 - (8 + 1 + -4)))?
-33
What is -2 + 26 + -15 + 12 + -13 + 0?
8
(15 - -23) + -72 - 74
-108
Evaluate -37 - (3 - 26) - 27.
-41
What is 14 + -108 + (-1 - -2 - (7 - 26 - -28))?
-102
-35 - (23 - (4 + (-16 - -3)))
-67
What is the value of 10 + -24 + 7 + 36 - 12?
17
Evaluate -29 + 8 + (-4 - -3) + -6 + -4.
-32
What is the value of 24 + 67 + -108 + -1 + 34?
16
What is the value of 288 + -139 + -300 + 297?
146
What is -23 - (57 - (15 + 3)) - -9?
-53
What is 67 + (0 - 1) + (63 - (-106 + 178))?
57
What is the value of (-46 - (-118 + 46)) + -20?
6
-67 + (37 - 15 - 7) + -14 + 10
-56
What is -4 - ((10 - 13) + -9 + (-39 + -4 - -6))?
45
What is -13 - (63 + -69 - -14)?
-21
-1482 + 1498 - (6 + -1)
11
What is -6 - (-10 - -6) - (27 + -12) - -21?
4
What is (34 - 44) + 75 - 32?
33
Evaluate 49 + 20 + (-32 - -5) + -4.
38
(-22 - (-11 - 6)) + 4 + -2 + (-38 - 1)
-42
-2 - (-35 + 5 + 1) - (-74 - -78)
23
What is the value of (-14 + 27 - 30 - -21) + 95?
99
Calculate -37 + 24 + 30 + (-4 - (-5 - -51)).
-33
What is the value of 108 - (65 + -71 + 55)?
59
Evaluate 6 + 10 + (-14 - -5) + (-2 - -2) + -10.
-3
(4 - (14 - 6)) + (3 - 31 - (-11 - -18))
-39
Evaluate -25 - -50 - 44 - (-6 + -2 + -1).
-10
Evaluate -355 - -416 - (89 - 11).
-17
Calculate -89 + 13 + 103 - -97.
124
What is the value of (3 + 3 - (77 - 69)) + 22?
20
Evaluate -20 - (-8 + (-46 - (39 - 52))).
21
Calculate (15 - (101 + -39)) + 45.
-2
-10 + 33 + -12 - 83
-72
What is (10 + 1 - 5) + 3 + -47 + 48?
10
What is the value of 3 + 17 + (7 - 55) + 0?
-28
What is the value of 9 + 1 + 4 + -3 - (230 + -232)?
13
-91 + (21 - (24 - 15)) + 6 + 4
-69
What is (-10 - -20) + -6 + 88 - (-10 + (5 - -4))?
93
What is 145 - 89 - (7 - -13)?
36
Evaluate 4 + 2 + -6 - (75 + -12 + -10 + 0).
-53
Calculate -83 - (8 + (-23 - 46)).
-22
Evaluate (-4 - (-26 - -52)) + 6.
-24
What is the value of -27 + (4 - -31 - -21)?
29
-32 - -6 - -20 - -15 - 53
-44
Evaluate -136 - (-83 + (72 - 42)).
-83
What is -69 + -22 + -21 + 82?
-30
What is -68 - (2 + -47) - (-7 + (-5 + 2 - 1))?
-12
What is the value of 0 - (4 + (-9 - (26 - (-4 - -14))))?
21
What is -17 - (-4 + 46 + -10 + (-4 - -21))?
-66
What is the value of (-180 - -3 - -138) + (5 - -5)?
-29
Calculate -45 - 66 - -125 - 40.
-26
What is -72 - (0 + (-1 + -11 - (36 + -44)))?
-68
What is 0 + -75 - (86 + 41 + -126 + -1 + -6)?
-69
Calculate (-7 - (-38 - -41)) + 28 + 2 - 62.
-42
What is 7 + -1 - (-467 + 436 + 47 + 1)?
-11
-45 - -41 - 3 - (-47 - -1 - 0)
39
What is the value of 664 + -697 + 2 + 0 + -18?
-49
Evaluate -1 + 50 - (-2567 + 2658).
-42
Evaluate -9 + 36 + -42 + 56.
41
Evaluate -23 - (-6 - ((-17 - 12) + 9)).
-37
-65 + (4 + 1 - (161 + -144)) + 14
-63
What is the value of -3 + 18 + (0 - 2) - (570 - 566)?
9
Calculate 2 - (0 - 3) - (2 - (-22 + 11)) - 77.
-85
-2178 - -2166 - (52 - 1)
-63
What is (-19 - -20) + -66 + -1 + 3 + -2?
-65
-109 + 2 + 153 - -38
84
Calculate (32 - (-10 - -28)) + -17 + (-8 - 3).
-14
Calculate -4 + (-33 + 71 - 33) + 1 + 0.
2
What is (-1 - -15) + -4 + (-21 + -27 - -28)?
-10
(9 - 8) + (-6 - (-28 + 34) - (1 - -49))
-61
Calculate 1 - 51 - (67 + -155 + 86).
-48
Evaluate 146 - 67 - 69 - (13 - -1).
-4
-56 + (-34 - 18) - -110
2
What is the value of 2 - ((14 - 12) + 4 + -10 + -7)?
13
Calculate 46 - (55 + -92 - -40).
43
What is -59 + (-166 - -106 - -94)?
-25
What is -14 + (-24 - (0 - 60)) - (1 + 0)?
21
What is (31 - (-3 - (18 + -10))) + -18?
24
What is 1 - 25 - (4 + -100 + 25)?
47
What is 1 - -1 - (-259 - (141 - 331))?
71
What is the value of (13 - (-7 + 11) - 5) + (2 - 8) + -5?
-7
Evaluate (114 - 5) + (188 - 215) - (-18 + 2).
98
Calculate (5 - 2 - (0 + 1)) + (-2 - -60 - 15).
45
Calculate -3 - 3 - (-1584 - -1644).
-66
Calculate 19 - 43 - (24 + 16 - -28).
-92
What is (-10 - 1) + (32 - (54 + -8))?
-25
What is -38 - (18 + -21 + 10) - ((3 - 4) + 9)?
-53
Evaluate 22 + 32 + (-12 + 31 - (2 - (-3 - 0))).
68
Calculate (-3 + 2 - -18) + -340 + 322 - 21.
-22
Calculate 4 + -40 + (17 - -17) + 27.
25
Calculate 0 + (-1 - -2 - 11) + -24379 + 24286.
-103
What is the value of 4 + 7 + -12 + 10 + -11 - (-103 + -3)?
104
1 + 0 + 1261 + -1289
-27
What is 248 + 145 + -283 - (3 + 3 + 1)?
103
Evaluate 26 + (12 - 146) + (-4 - 0 - (80 - 98)).
-94
What is 21 - (-66 - (35 + -27))?
95
What is (30 + 1 - (86 + -58)) + 11 + 4?
18
Calculate (167 - 7) + -703 + 614.
71
14 + (-70 - -6 - -5 - (6 + 7))
-58
What is (-69 + 61 - (-3 - -1)) + (-55 - (-5 - -4))?
-60
What is the value of -64 + (19 - 6) + 33?
-18
What is the value of 25 + (2 - 7) + (102 - 116) + (2 - 69)?
-61
What is the value of 13 - (-6 + (11 - (2 + 0))) - 7 - -62?
65
Evaluate (49 - 0) + (59 - 53) + (-13 - 0).
42
What is the value of -123 - -220 - 79 - 31?
-13
Evaluate -61 + (-14 + 13 - -110).
48
Calculate -129 + 2 + 118 - (0 + 49).
-58
What is (4 - (1 - 4) - -1) + 16 + -15?
9
What is the value of 16 - (11 + 